of 623 and 35.
7
Calculate the highest common divisor of 77 and 4529.
7
Calculate the highest common divisor of 423761 and 39.
13
Calculate the greatest common divisor of 80 and 57820.
20
Calculate the highest common factor of 2973183 and 5595.
1119
What is the highest common factor of 119 and 6727?
7
What is the highest common factor of 85734 and 792?
198
Calculate the greatest common divisor of 10040 and 92870.
2510
What is the highest common divisor of 11 and 22550?
11
What is the greatest common divisor of 498 and 182102?
166
What is the greatest common factor of 678 and 2938?
226
What is the highest common factor of 120890 and 85?
5
Calculate the highest common divisor of 827694 and 882.
126
What is the greatest common factor of 8936 and 24?
8
What is the highest common divisor of 531 and 673662?
177
Calculate the highest common divisor of 288 and 862.
2
Calculate the greatest common divisor of 7 and 9604.
7
What is the highest common divisor of 5445 and 1935?
45
Calculate the highest common factor of 171054 and 90.
18
Calculate the greatest common factor of 57176 and 28.
28
Calculate the highest common divisor of 269589 and 219.
219
What is the greatest common factor of 76872 and 96?
24
What is the greatest common factor of 53971 and 155?
31
Calculate the greatest common factor of 4190262 and 102.
102
Calculate the greatest common factor of 1060 and 12826.
106
Calculate the highest common factor of 49209 and 564.
141
What is the highest common factor of 1866 and 1170?
6
What is the highest common divisor of 7931 and 6237?
77
What is the highest common factor of 102510 and 18666?
306
Calculate the greatest common divisor of 525 and 177825.
75
What is the greatest common factor of 265 and 4876?
53
What is the highest common divisor of 64 and 18328?
8
Calculate the greatest common divisor of 1425 and 5890.
95
Calculate the greatest common factor of 4432968 and 216.
216
What is the highest common divisor of 22478 and 4?
2
Calculate the highest common divisor of 442637 and 79.
79
What is the highest common factor of 82 and 81754?
82
What is the greatest common factor of 109786 and 34?
34
Calculate the highest common factor of 649 and 39471.
59
What is the greatest common divisor of 7246 and 16?
2
Calculate the greatest common divisor of 190475 and 475.
475
What is the greatest common factor of 750 and 3450?
150
What is the highest common factor of 1066410 and 51?
51
Calculate the greatest common factor of 7920 and 49482.
18
What is the highest common divisor of 21035 and 70?
35
Calculate the highest common divisor of 8062 and 587414.
278
What is the greatest common divisor of 53537 and 240053?
1727
Calculate the highest common divisor of 157 and 608218.
157
Calculate the highest common divisor of 226 and 50737.
113
Calculate the greatest common divisor of 61 and 660874.
61
Calculate the highest common divisor of 58940 and 875.
35
What is the highest common factor of 6064 and 1264?
16
What is the highest common factor of 297 and 59499?
99
Calculate the highest common factor of 78 and 394.
2
What is the highest common divisor of 21219 and 2013?
33
Calculate the greatest common factor of 2706 and 286.
22
What is the greatest common divisor of 280 and 136520?
40
Calculate the highest common divisor of 326 and 184027.
163
Calculate the highest common divisor of 4858980 and 552.
276
Calculate the greatest common divisor of 4635 and 18.
9
Calculate the greatest common divisor of 777959 and 332.
83
Calculate the greatest common factor of 530231 and 104.
13
Calculate the greatest common divisor of 3717 and 3801.
21
Calculate the highest common factor of 133890 and 240.
30
What is the highest common factor of 412827 and 92?
23
What is the greatest common divisor of 22 and 1072522?
22
What is the greatest common divisor of 63 and 32991?
21
Calculate the greatest common factor of 18045 and 1305.
45
What is the highest common divisor of 1335 and 681295?
445
Calculate the highest common divisor of 105032 and 152.
152
Calculate the highest common factor of 449731 and 2004.
167
Calculate the greatest common divisor of 1552 and 2168.
8
Calculate the highest common factor of 108 and 95952.
12
What is the highest common factor of 9482 and 569782?
862
Calculate the highest common divisor of 262770 and 6.
6
Calculate the greatest common divisor of 885137 and 737.
737
Calculate the greatest common divisor of 156920 and 130.
10
Calculate the greatest common divisor of 8934354 and 1602.
1602
Calculate the highest common divisor of 1193975 and 879.
293
What is the greatest common factor of 112060 and 780?
260
What is the greatest common factor of 4042 and 14104?
86
Calculate the greatest common factor of 18144 and 19008.
864
What is the greatest common divisor of 196 and 396?
4
What is the greatest common divisor of 143 and 41844?
11
What is the greatest common divisor of 752941 and 14?
7
Calculate the greatest common factor of 10051 and 281957.
529
Calculate the highest common factor of 210195 and 27.
27
Calculate the greatest common factor of 6417 and 7038.
207
Calculate the highest common divisor of 430213 and 287.
287
What is the highest common divisor of 498 and 41334?
498
Calculate the highest common divisor of 119094 and 54.
6
What is the highest common factor of 159 and 564556?
53
Calculate the greatest common factor of 300 and 1698700.
100
What is the greatest common divisor of 583 and 1632983?
583
Calculate the highest common divisor of 55475 and 75.
25
Calculate the highest common factor of 261605 and 35.
5
Calculate the greatest common factor of 2 and 24407.
1
What is the highest common factor of 1413 and 38622?
471
What is the greatest common divisor of 23381 and 8549?
103
What is the greatest common divisor of 98 and 2197916?
14
Calculate the greatest common factor of 328 and 5924008.
328
What is the greatest common divisor of 238 and 29954?
34
What is the highest common divisor of 782 and 148189?
391
What is the highest common factor of 796620 and 105?
15
Calculate the greatest common divisor of 5115 and 2211385.
1705
What is the highest common divisor of 221367 and 339?
339
Calculate the highest common divisor of 1950 and 19279.
13
Calculate the highest common divisor of 16 and 8336.
16
Calculate the highest common divisor of 188 and 345638.
94
Calculate the greatest common factor of 13 and 370747.
13
What is the highest common factor of 15 and 23085?
15
What is the greatest common divisor of 16737 and 63?
21
Calculate the highest common factor of 515649 and 609.
87
What is the greatest common divisor of 165 and 2055?
15
Calculate the greatest common divisor of 5206361 and 19.
19
Calculate the highest common divisor of 6124 and 8.
4
Calculate the highest common divisor of 149557 and 694.
347
What is the highest common factor of 568 and 355639?
71
Calculate the greatest common factor of 72991 and 2021.
47
Calculate the greatest common divisor of 24060 and 42.
6
What is the highest common factor of 1600 and 25280?
320
Calculate the greatest common factor of 360 and 5526.
18
What is the greatest common factor of 227556 and 56?
28
Calculate the highest common factor of 598 and 14306.
46
What is the greatest common factor of 156318 and 6?
6
Calculate the greatest common divisor of 70642 and 8778.
418
Calculate the greatest common factor of 5 and 145000.
5
What is the highest common divisor of 87 and 34394?
29
Calculate the highest common factor of 7201 and 379.
379
Calculate the highest common divisor of 13732 and 84.
4
Calculate the highest common divisor of 340 and 289425.
85
What is the greatest common factor of 8652 and 264?
12
Calculate the highest common divisor of 1480 and 12280.
40
What is the highest common factor of 703979 and 155?
31
Calculate the greatest common divisor of 87 and 345.
3
Calculate the greatest common factor of 792 and 1098.
18
What is the highest common factor of 1027 and 8437?
13
Calculate the highest common factor of 16 and 165888.
16
What is the highest common factor of 145355 and 14?
7
What is the greatest common divisor of 613984 and 28?
28
Calculate the greatest common divisor of 2550 and 686800.
850
Calculate the greatest common factor of 23348 and 5954.
26
What is the greatest common divisor of 228984 and 12?
12
Wha